ist the prime factors of h.
3, 12049
Suppose 5*i - 830 = -3*m, -3*m + 332 = 2*i + m. Let y be ((-2)/3)/(2/(-6)) + 79. Let l = i - y. What are the prime factors of l?
5, 17
Let n(s) be the third derivative of -16*s**4/3 - s**3/2 + 29*s**2. Let o(a) = 128*a + 2. Let v(h) = 5*n(h) + 4*o(h). List the prime factors of v(-2).
3, 83
Let x(a) = -6*a - 26. Let o be x(17). Let h = o + 446. What are the prime factors of h?
2, 3, 53
Suppose 560 = -2*y + 2*t, -y - y - 560 = 3*t. Let q = y - -158. Let g = q + 244. List the prime factors of g.
2, 61
Let q(c) = -5*c**3 + 7*c**2 + 20*c + 74. List the prime factors of q(-12).
2, 11, 431
Suppose 23*y - 13498 - 93843 = 0. What are the prime factors of y?
13, 359
List the prime factors of (17105/30)/((63/54)/7).
11, 311
Suppose 5574 = x + 3*w, 5*x - 13692 = -2*w + 14139. List the prime factors of x.
3, 5, 7, 53
Let h = -111 + 269. Let c = 225 - h. List the prime factors of c.
67
Let v(k) be the second derivative of -k**4/12 - 3*k**3/2 + 42*k**2 + 34*k. List the prime factors of v(-12).
2, 3
Suppose 49*z - 347 + 102 = 0. Suppose 0 = z*y - 3*b - 7362, b = -2*y - 2*y + 5893. List the prime factors of y.
3, 491
Suppose -2*m - 4*m + 36 = 0. Suppose -m*u = 4*u - 5290. List the prime factors of u.
23
Suppose -323*j + 749790 = -296*j. What are the prime factors of j?
2, 5, 2777
List the prime factors of (3974 + 16 + 2)*(-10)/(-4).
2, 5, 499
Let p = 279 - 146. Let j = p - 131. Suppose -5*v = 3*y - 161, 1 = -v + j*v. List the prime factors of y.
2, 13
Let i(o) = 2*o - 19. Let x be i(16). Suppose x*f = 16*f + 285. Let z = 80 - f. List the prime factors of z.
5, 7
What are the prime factors of 1010230/78*3/5?
19, 409
Let t be (0 - -6) + 5/5*-1. Suppose 2*h - 26 = -3*h + 2*k, -h - t = 3*k. Suppose 14*s = h*s + 610. List the prime factors of s.
61
Suppose 104*m - 147420 = 26*m. What are the prime factors of m?
2, 3, 5, 7
Let u = -30 + 32. Suppose -3*g + 3*t - 26 = -g, 0 = -g - u*t + 1. List the prime factors of (-716)/g + 4 + (-60)/14.
2, 3, 17
Suppose 347*o = 350*o + 294. Let c = o - -1010. What are the prime factors of c?
2, 3, 19
Suppose 2*m - 4*m = m. Suppose -4*h + 114 = j, m*j = 3*j + 3*h - 315. Suppose 4*r - 2*i = j, -3*i = r - 20 + 5. What are the prime factors of r?
2, 3
Let s = -56 + -390. Let k = s - -886. What are the prime factors of k?
2, 5, 11
Suppose -9 = -2*r + r. Suppose -42*i + 41*i = 372. List the prime factors of (i/(-4) - 3)*12/r.
2, 3, 5
Let h be (-32 + 2)*(-11)/22. What are the prime factors of 3423/h + -12 - 1/5?
2, 3
Suppose 5*x = x + 5*j + 1370, -1366 = -4*x + 3*j. Let h = -23 + x. What are the prime factors of h?
317
Suppose 109647 = 245*q - 20596 - 189482. What are the prime factors of q?
3, 5, 29
Let o = 9195 - 4325. List the prime factors of o.
2, 5, 487
Let h = 34 - 37. Let v(s) = -6*s - 13. What are the prime factors of v(h)?
5
Let x be ((1 - 61)/(-4))/(2/14). Suppose 2*s + 9 = k, -x = -2*k - 3*k - 2*s. Suppose 6*i - 685 + k = 0. What are the prime factors of i?
3, 37
Suppose 5*i - 10 = 0, -81485 + 22624 = -5*r + 2*i. List the prime factors of r.
61, 193
Suppose 4*t - 5*r - 6 = 0, -30 = -3*t - 2*t - 5*r. Let o be 2/t + 35/(-20)*-2. List the prime factors of ((-139)/(-2) - (-6)/o) + -2.
3, 23
Let r(o) = 4766*o - 9148. List the prime factors of r(9).
2, 47, 359
Let u(l) = -4*l**3 - 11*l**2 + 14*l - 7. Let r(c) = c - 15. Let h be r(9). What are the prime factors of u(h)?
13, 29
Suppose 41*i - 33*i + 58009 = 324289. List the prime factors of i.
3, 5, 7, 317
Let t = 35446 + -10841. List the prime factors of t.
5, 7, 19, 37
Let l(k) = -k**3 - 15*k**2 + 43*k - 35. Let z = -5 - 13. What are the prime factors of l(z)?
163
Let p = 29841 + -17858. What are the prime factors of p?
23, 521
Let a = 2167 - -109. What are the prime factors of a?
2, 569
Let o be (143 + -1)*(-5 + 270/20). Let b = o + -583. List the prime factors of b.
2, 3, 13
Let k(o) = 736 - 364 + 17*o - 373 + 14*o. Suppose 2*p + 18 = -5*q, 2*q + 0*q = -5*p - 3. List the prime factors of k(p).
2, 3, 5
Let j(p) = 16*p**2 + 54*p + 252. What are the prime factors of j(-5)?
2, 191
Let y(r) = -5*r - 10. Let t be y(-4). Suppose 22 = 5*l - 3, -4*p - 2*l + t = 0. Suppose 65 = -p*g + 5*g. List the prime factors of g.
13
Suppose 5387*y = 5393*y - 160734. What are the prime factors of y?
7, 43, 89
Let v(g) = 2*g**2 + 13*g - 118. Let r(x) = -2*x + 49. Let d be r(17). What are the prime factors of v(d)?
17, 31
List the prime factors of -14 - -12 - (-20359 - -4).
20353
Let g(m) be the second derivative of 0 - 1/3*m**3 - 5/6*m**4 - 20*m - 1/20*m**5 + 4*m**2. List the prime factors of g(-10).
2, 7
Let o(a) = 3*a**2 - 182*a + 167. What are the prime factors of o(64)?
3, 269
Let m be -1*(-3 + 0) + -1. What are the prime factors of (-21)/27*-723 - m/6?
2, 281
Let b be (-70)/15*(-33)/2. Let m be 484/b + 2/(-7). Suppose 186 = 4*s + 2*q, -m*s + 167 = -3*s - 4*q. List the prime factors of s.
7
What are the prime factors of 1/3 + 116/(-276) + (-2731379)/(-161)?
3, 5, 13, 29
List the prime factors of (1937616/78)/8 + (-10)/65.
3, 5, 23
Let p = 26463 + -5300. List the prime factors of p.
21163
Suppose 0 = 14*t - 11*t. Suppose 4*w = -3*n + 16, 2*n + t + 16 = 4*w. What are the prime factors of 10 - 7 - (n + 2 + -72)?
73
Let y be (165/7)/((-9)/(-63)). Suppose y = 11*b - 902. List the prime factors of b.
97
Let v(c) be the first derivative of -16*c**2 - 37 + 20 + 27 - 5*c. List the prime factors of v(-2).
59
Suppose -4*x = -3*o - 1825 - 4275, -4*x + 6132 = 5*o. List the prime factors of x.
2, 191
Let w(x) = x**2 - 28*x + 104. Let h be w(4). Let b(r) be the first derivative of -r**4/4 + 3*r**3 - 3*r**2 + 8*r - 2. What are the prime factors of b(h)?
2, 3
Let t = -93 - -93. Suppose -367 = -2*q - 2*o + o, 2*q - 2*o - 364 = t. List the prime factors of q.
3, 61
Let h(f) = 2*f**2 - 14*f + 15. Let u be h(1). Suppose k + 5*d - 23 = 0, -u*k - 5*d + 31 = -k. List the prime factors of k.
2
Let v = -5411 + 12435. What are the prime factors of v?
2, 439
Suppose -3*y - 12 - 9 = -u, 4*u + 4*y - 4 = 0. Suppose u*n = -0*n + 360. Let p = 159 - n. What are the prime factors of p?
3, 11
Let n(m) = -17*m**2 + 25*m - 6. Let j be n(-12). Let k = j - -4065. What are the prime factors of k?
3, 19, 23
Let o(w) = -w**3 + 33*w**2 + 131*w + 104. List the prime factors of o(34).
2, 3, 7
Suppose -3*g + f - 122 = 0, 2*g + 3*f + 95 = 10. Let h = g + 592. List the prime factors of h.
19, 29
Let k(o) = 5*o**3 - 4*o**2 + 50*o + 66. What are the prime factors of k(20)?
2, 7, 2819
Suppose 9*q + 3 = 8*q. Let t = -4 - q. What are the prime factors of (-1 - (t - -2))/((-90)/315)?
7
Let c = 69574 + -43629. What are the prime factors of c?
5, 5189
Let j(z) = -z**3 + 45*z**2 + 877. What are the prime factors of j(44)?
29, 97
Let m = 563 - 824. Let z = 9 - m. Suppose 11*x = 8*x + z. What are the prime factors of x?
2, 3, 5
Let g be (1 - (-1 + 23))*(-3)/(-9). What are the prime factors of (-6384)/(-105)*g/(42/(-135))?
2, 3, 19
Suppose 11*j = 14*j - 45. Suppose -256 - 254 = -j*u. List the prime factors of u.
2, 17
Suppose -5*b + 9*b = 12. Let u(i) = 82*i - 25. List the prime factors of u(b).
13, 17
Let w = 10391 + -10143. What are the prime factors of w?
2, 31
Suppose 33899 - 156231 = -17*r. What are the prime factors of r?
2, 7, 257
Suppose -12338 = -y - 3*n, 0 = -4*y + n + 22736 + 26538. What are the prime factors of y?
2, 5, 7, 11
Suppose -64856 = -4*t + 4*c, -5*t - 5*c = -86355 + 5265. List the prime factors of t.
2, 2027
Suppose -15*m + 543080 = 29*m - 115424. What are the prime factors of m?
2, 7, 1069
Suppose 292740 = 85*d + 43786 - 361771. What are the prime factors of d?
3, 5, 479
Let w = -4248 + 4306. Let n = -408 + 724. Suppose 0 = -6*g + n - w. List the prime factors of g.
43
Let u be 16/(-12)*(0 - 3). Suppose -169 = -u*a - 153. Suppose -4*n + 2*m + 1114 = 0, a*n - 3*m = -n + 1391. What are the prime factors of n?
2, 5, 7
Suppose 0*t - 3*t + 15 = 0. Suppose -5*p + t*s - 1 = -6, 0 = 2*p + 2*s - 14. Suppose 0*r - p*r - 273 = -5*x, -169 = -3*x + 5*r. List the prime factors of x.
53
Let p(u) = 11*u - u**2 + 61 - 38 + 20*u. Let y(w) = 2*w**2 - 61*w - 47. Let b(t) = 10*p(t) + 4*y(t). List the prime factors of b(30).
2, 3, 37
Let t(b) = 276*b + 615. What are the prime factors of t(17)?
3, 29, 61
What are the p